{"id":1453,"date":"2025-04-10T21:09:25","date_gmt":"2025-04-10T21:09:25","guid":{"rendered":"https:\/\/boutiquelaboral.pe\/italo-mortola\/"},"modified":"2025-05-29T21:14:31","modified_gmt":"2025-05-29T21:14:31","slug":"italo-mortola","status":"publish","type":"page","link":"https:\/\/boutiquelaboral.pe\/en\/italo-mortola\/","title":{"rendered":"\u00cdtalo M\u00f3rtola"},"content":{"rendered":"<p>[et_pb_section fb_built=&#8221;1&#8243; admin_label=&#8221;Header&#8221; _builder_version=&#8221;4.27.4&#8243; _module_preset=&#8221;default&#8221; use_background_color_gradient=&#8221;on&#8221; background_color_gradient_direction=&#8221;90deg&#8221; background_color_gradient_stops=&#8221;#53c3c4 50%|rgba(255,255,255,0) 50%&#8221; custom_padding=&#8221;1%||1%||true|false&#8221; background_last_edited=&#8221;on|phone&#8221; use_background_color_gradient_tablet=&#8221;off&#8221; use_background_color_gradient_phone=&#8221;off&#8221; collapsed=&#8221;off&#8221; global_colors_info=&#8221;{%22gcid-a674551e-c023-4666-82b8-b7448e713885%22:%91%22background_color_gradient_stops%22%93}&#8221;][et_pb_row column_structure=&#8221;1_2,1_2&#8243; use_custom_gutter=&#8221;on&#8221; gutter_width=&#8221;4&#8243; make_equal=&#8221;on&#8221; _builder_version=&#8221;4.27.4&#8243; _module_preset=&#8221;default&#8221; max_width=&#8221;none&#8221; global_colors_info=&#8221;{}&#8221;][et_pb_column type=&#8221;1_2&#8243; _builder_version=&#8221;4.27.4&#8243; _module_preset=&#8221;default&#8221; global_colors_info=&#8221;{}&#8221;][et_pb_image src=&#8221;https:\/\/boutiquelaboral.pe\/wp-content\/uploads\/2025\/05\/Italo-Mortola.png&#8221; title_text=&#8221;I\u0301talo-Mortola&#8221; _builder_version=&#8221;4.27.4&#8243; _module_preset=&#8221;default&#8221; max_height_tablet=&#8221;400px&#8221; max_height_phone=&#8221;400px&#8221; max_height_last_edited=&#8221;off|desktop&#8221; locked=&#8221;off&#8221; global_colors_info=&#8221;{}&#8221;][\/et_pb_image][et_pb_text admin_label=&#8221;Explore the Latest Updates &#038; Happenings&#8221; _builder_version=&#8221;4.27.4&#8243; _module_preset=&#8221;default&#8221; header_3_font_size=&#8221;4vw&#8221; header_4_text_color=&#8221;#FFFFFF&#8221; header_4_font_size=&#8221;25px&#8221; custom_margin=&#8221;||20px||false|false&#8221; header_3_font_size_tablet=&#8221;5vw&#8221; header_3_font_size_phone=&#8221;7vw&#8221; header_3_font_size_last_edited=&#8221;on|phone&#8221; header_4_text_color_tablet=&#8221;#53C3C4&#8243; header_4_text_color_phone=&#8221;#53C3C4&#8243; header_4_text_color_last_edited=&#8221;on|phone&#8221; locked=&#8221;off&#8221; global_colors_info=&#8221;{}&#8221;]<\/p>\n<h3>\u00cdtalo<\/h3>\n<h3>M\u00f3rtola Flores<\/h3>\n<h4>Consultant<\/h4>\n<p>[\/et_pb_text][et_pb_divider color=&#8221;#FFFFFF&#8221; color_tablet=&#8221;#53C3C4&#8243; color_phone=&#8221;#53C3C4&#8243; color_last_edited=&#8221;on|phone&#8221; _builder_version=&#8221;4.27.4&#8243; _module_preset=&#8221;default&#8221; custom_margin=&#8221;||1%||false|false&#8221; global_colors_info=&#8221;{}&#8221;][\/et_pb_divider][et_pb_social_media_follow _builder_version=&#8221;4.27.4&#8243; _module_preset=&#8221;default&#8221; custom_margin=&#8221;|||-8px|false|false&#8221; locked=&#8221;off&#8221; global_colors_info=&#8221;{}&#8221;][et_pb_social_media_follow_network social_network=&#8221;linkedin&#8221; url=&#8221;https:\/\/www.linkedin.com\/in\/italomortolaf\/&#8221; icon_color=&#8221;#242F6A&#8221; use_icon_font_size=&#8221;on&#8221; icon_font_size=&#8221;25px&#8221; _builder_version=&#8221;4.27.4&#8243; _module_preset=&#8221;default&#8221; background_enable_color=&#8221;off&#8221; global_colors_info=&#8221;{}&#8221; follow_button=&#8221;off&#8221; url_new_window=&#8221;on&#8221;]linkedin[\/et_pb_social_media_follow_network][\/et_pb_social_media_follow][\/et_pb_column][et_pb_column type=&#8221;1_2&#8243; _builder_version=&#8221;4.25.0&#8243; _module_preset=&#8221;default&#8221; custom_padding=&#8221;60px||60px||true|false&#8221; custom_padding_tablet=&#8221;0px||0px||true|false&#8221; custom_padding_phone=&#8221;0px||0px||true|false&#8221; custom_padding_last_edited=&#8221;on|desktop&#8221; global_colors_info=&#8221;{}&#8221;][et_pb_text _builder_version=&#8221;4.27.4&#8243; _module_preset=&#8221;default&#8221; hover_enabled=&#8221;0&#8243; global_colors_info=&#8221;{}&#8221; sticky_enabled=&#8221;0&#8243;]<\/p>\n<p>\u00cdtalo M\u00f3rtola Flores specializes in Labor Law, Social Security, and Labor Tax Law.<\/p>\n<p>He has extensive experience in private legal advisory and has served as Vice Minister of Labor and Chief of Staff of Advisors at the Ministry of Labor and Employment Promotion.<\/p>\n<p>He holds a law degree from Pontificia Universidad Cat\u00f3lica del Per\u00fa and a Master\u2019s Degree in Business Administration from Universidad Adolfo Iba\u00f1ez (Chile).<\/p>\n<p>[\/et_pb_text][\/et_pb_column][\/et_pb_row][\/et_pb_section]<\/p>\n","protected":false},"excerpt":{"rendered":"<p>\u00cdtalo M\u00f3rtola Flores Consultant\u00cdtalo M\u00f3rtola Flores specializes in Labor Law, Social Security, and Labor Tax Law. He has extensive experience in private legal advisory and has served as Vice Minister of Labor and Chief of Staff of Advisors at the Ministry of Labor and Employment Promotion. He holds a law degree from Pontificia Universidad Cat\u00f3lica [&hellip;]<\/p>\n","protected":false},"author":1,"featured_media":0,"parent":0,"menu_order":0,"comment_status":"closed","ping_status":"closed","template":"","meta":{"_et_pb_use_builder":"on","_et_pb_old_content":"","_et_gb_content_width":"","footnotes":""},"class_list":["post-1453","page","type-page","status-publish","hentry"],"_links":{"self":[{"href":"https:\/\/boutiquelaboral.pe\/en\/wp-json\/wp\/v2\/pages\/1453","targetHints":{"allow":["GET"]}}],"collection":[{"href":"https:\/\/boutiquelaboral.pe\/en\/wp-json\/wp\/v2\/pages"}],"about":[{"href":"https:\/\/boutiquelaboral.pe\/en\/wp-json\/wp\/v2\/types\/page"}],"author":[{"embeddable":true,"href":"https:\/\/boutiquelaboral.pe\/en\/wp-json\/wp\/v2\/users\/1"}],"replies":[{"embeddable":true,"href":"https:\/\/boutiquelaboral.pe\/en\/wp-json\/wp\/v2\/comments?post=1453"}],"version-history":[{"count":7,"href":"https:\/\/boutiquelaboral.pe\/en\/wp-json\/wp\/v2\/pages\/1453\/revisions"}],"predecessor-version":[{"id":2031,"href":"https:\/\/boutiquelaboral.pe\/en\/wp-json\/wp\/v2\/pages\/1453\/revisions\/2031"}],"wp:attachment":[{"href":"https:\/\/boutiquelaboral.pe\/en\/wp-json\/wp\/v2\/media?parent=1453"}],"curies":[{"name":"wp","href":"https:\/\/api.w.org\/{rel}","templated":true}]}}

Ítalo Mórtola

<p>[et_pb_section fb_built=&#8221;1&#8243; admin_label=&#8221;Header&#8221; _builder_version=&#8221;4.27.4&#8243; _module_preset=&#8221;default&#8221; use_background_color_gradient=&#8221;on&#8221; background_color_gradient_direction=&#8221;90deg&#8221; background_color_gradient_stops=&#8221;#53c3c4 50%|rgba(255,255,255,0) 50%&#8221; custom_padding=&#8221;1%||1%||true|false&#8221; background_last_edited=&#8221;on|phone&#8221; use_background_color_gradient_tablet=&#8221;off&#8221; use_background_color_gradient_phone=&#8221;off&#8221; collapsed=&#8221;off&#8221; global_colors_info=&#8221;{%22gcid-a674551e-c023-4666-82b8-b7448e713885%22:%91%22background_color_gradient_stops%22%93}&#8221;][et_pb_row column_structure=&#8221;1_2,1_2&#8243; use_custom_gutter=&#8221;on&#8221; gutter_width=&#8221;4&#8243; make_equal=&#8221;on&#8221; _builder_version=&#8221;4.27.4&#8243; _module_preset=&#8221;default&#8221; max_width=&#8221;none&#8221; global_colors_info=&#8221;{}&#8221;][et_pb_column type=&#8221;1_2&#8243; _builder_version=&#8221;4.27.4&#8243; _module_preset=&#8221;default&#8221; global_colors_info=&#8221;{}&#8221;][et_pb_image src=&#8221;https://boutiquelaboral.pe/wp-content/uploads/2025/05/Italo-Mortola.png&#8221; title_text=&#8221;Ítalo-Mortola&#8221; _builder_version=&#8221;4.27.4&#8243; _module_preset=&#8221;default&#8221; max_height_tablet=&#8221;400px&#8221; max_height_phone=&#8221;400px&#8221; max_height_last_edited=&#8221;off|desktop&#8221; locked=&#8221;off&#8221; global_colors_info=&#8221;{}&#8221;][/et_pb_image][et_pb_text admin_label=&#8221;Explore the Latest Updates &#038; Happenings&#8221; _builder_version=&#8221;4.27.4&#8243; _module_preset=&#8221;default&#8221; header_3_font_size=&#8221;4vw&#8221; header_4_text_color=&#8221;#FFFFFF&#8221; header_4_font_size=&#8221;25px&#8221; custom_margin=&#8221;||20px||false|false&#8221; header_3_font_size_tablet=&#8221;5vw&#8221; header_3_font_size_phone=&#8221;7vw&#8221; header_3_font_size_last_edited=&#8221;on|phone&#8221; header_4_text_color_tablet=&#8221;#53C3C4&#8243; header_4_text_color_phone=&#8221;#53C3C4&#8243; header_4_text_color_last_edited=&#8221;on|phone&#8221; locked=&#8221;off&#8221; global_colors_info=&#8221;{}&#8221;]</p>
<h3>Ítalo</h3>
<h3>Mórtola Flores</h3>
<h4>Consultant</h4>
<p>[/et_pb_text][et_pb_divider color=&#8221;#FFFFFF&#8221; color_tablet=&#8221;#53C3C4&#8243; color_phone=&#8221;#53C3C4&#8243; color_last_edited=&#8221;on|phone&#8221; _builder_version=&#8221;4.27.4&#8243; _module_preset=&#8221;default&#8221; custom_margin=&#8221;||1%||false|false&#8221; global_colors_info=&#8221;{}&#8221;][/et_pb_divider][et_pb_social_media_follow _builder_version=&#8221;4.27.4&#8243; _module_preset=&#8221;default&#8221; custom_margin=&#8221;|||-8px|false|false&#8221; locked=&#8221;off&#8221; global_colors_info=&#8221;{}&#8221;][et_pb_social_media_follow_network social_network=&#8221;linkedin&#8221; url=&#8221;https://www.linkedin.com/in/italomortolaf/&#8221; icon_color=&#8221;#242F6A&#8221; use_icon_font_size=&#8221;on&#8221; icon_font_size=&#8221;25px&#8221; _builder_version=&#8221;4.27.4&#8243; _module_preset=&#8221;default&#8221; background_enable_color=&#8221;off&#8221; global_colors_info=&#8221;{}&#8221; follow_button=&#8221;off&#8221; url_new_window=&#8221;on&#8221;]linkedin[/et_pb_social_media_follow_network][/et_pb_social_media_follow][/et_pb_column][et_pb_column type=&#8221;1_2&#8243; _builder_version=&#8221;4.25.0&#8243; _module_preset=&#8221;default&#8221; custom_padding=&#8221;60px||60px||true|false&#8221; custom_padding_tablet=&#8221;0px||0px||true|false&#8221; custom_padding_phone=&#8221;0px||0px||true|false&#8221; custom_padding_last_edited=&#8221;on|desktop&#8221; global_colors_info=&#8221;{}&#8221;][et_pb_text _builder_version=&#8221;4.27.4&#8243; _module_preset=&#8221;default&#8221; hover_enabled=&#8221;0&#8243; global_colors_info=&#8221;{}&#8221; sticky_enabled=&#8221;0&#8243;]</p>
<p>Ítalo Mórtola Flores specializes in Labor Law, Social Security, and Labor Tax Law.</p>
<p>He has extensive experience in private legal advisory and has served as Vice Minister of Labor and Chief of Staff of Advisors at the Ministry of Labor and Employment Promotion.</p>
<p>He holds a law degree from Pontificia Universidad Católica del Perú and a Master’s Degree in Business Administration from Universidad Adolfo Ibañez (Chile).</p>
<p>[/et_pb_text][/et_pb_column][/et_pb_row][/et_pb_section]</p>

<p>Ítalo Mórtola Flores ConsultantÍtalo Mórtola Flores specializes in Labor Law, Social Security, and Labor Tax Law. He has extensive experience in private legal advisory and has served as Vice Minister of Labor and Chief of Staff of Advisors at the Ministry of Labor and Employment Promotion. He holds a law degree from Pontificia Universidad Católica [&hellip;]</p>
